-93*j + 27*j + 347347 = -1503227. Is j composite?
True
Let l(c) = 4*c + 27. Let j be l(-6). Suppose 2*a = -3*g - 1685, 7*g + 4*a = j*g - 2244. Let v = g + 798. Is v a composite number?
True
Let y(d) = -59*d + 17707. Let b(u) = -4*u**2 + 23*u - 15. Let v be b(5). Is y(v) prime?
True
Suppose 3*z - 77 = 4*a, 0 = 5*z - 4*a + 18 - 133. Suppose -z*v + 25 = -14*v. Suppose 1250 + 3065 = v*r. Is r a composite number?
False
Suppose 8*k = 3*k + 60. Let y = k - 14. Is y*(-240)/3 - -1 a composite number?
True
Is 1512152/22 - 98/539 composite?
True
Let w(j) be the third derivative of 0 + 1/120*j**6 + 11*j**2 - 1/20*j**5 + 0*j - 5/12*j**4 + 7/6*j**3. Is w(7) prime?
False
Let u(a) = -2*a + 1657. Let x(w) be the third derivative of -w**4/4 + 1657*w**3/2 - 30*w**2. Let z(q) = -11*u(q) + 4*x(q). Is z(0) a composite number?
False
Let x be 36/10*175/14. Is ((-10)/x*-3)/(8/35004) a composite number?
False
Suppose 2*c - 7*c = f - 822500, 0 = -2*c + 4*f + 329022. Is c composite?
True
Suppose 3*s = 4*p - 5605396, 0 = 2*p + 41*s - 44*s - 2802698. Is p a composite number?
False
Let o(z) = 368*z + 49. Is o(16) prime?
False
Let o = -10924 + 86412. Suppose 24*r - o - 63208 = 0. Is r a prime number?
True
Suppose -6*f + 11*f - 5 = 0. Let q be f + 21/(-2) + 11/22. Let r(z) = -116*z - 46. Is r(q) prime?
False
Is (1408218/(-8))/((-42)/56) composite?
True
Suppose -4*a = -u - 60684, 0 = -4*a - a + 5*u + 75870. Let w(j) = -34*j**2 + 35*j - 49. Let f be w(18). Let t = a + f. Is t a prime number?
False
Let h = 304876 - 199265. Is h composite?
True
Let k = -26 - -14. Suppose -5*f + 5*o = 3524 + 51, -5*o - 5 = 0. Is (f/10)/(k/60) prime?
False
Suppose -9 = -3*a, -1 = 2*x + 6*a - 5*a. Is 4000 + -17 + (6 - x) a prime number?
False
Let q be (-44)/110*6431*5. Let o = 31 - q. Is o composite?
False
Let u be 2*4/(-6)*(-4 + -23). Suppose -31*a + u*a = 12505. Is a a composite number?
True
Is (18/99)/(6/13374867) a composite number?
False
Let i = -90 + 94. Suppose v - 671 + 3548 = 2*h, -5760 = -i*h - 4*v. Is h composite?
False
Let d(w) = -14*w - 144. Let s be d(-11). Suppose 5*n = -s*n + 79845. Is n prime?
True
Let u(p) = -1452*p**3 + p**2 - p - 2. Let l be u(-1). Let o = l + -773. Is o prime?
False
Suppose 5*h + i = -49549 + 149799, 0 = -2*i. Suppose 190 - h = -20*z. Is z a prime number?
False
Let f(o) = 30*o**2 - 38*o - 47. Is f(-26) composite?
False
Let q = -133 + 137. Suppose q*s - 2127 = s. Is s a prime number?
True
Let h(n) = 6*n**2 - 3*n - 3. Let j be h(2). Suppose 31315 = -j*p + 16*p. Is p prime?
False
Let y = 688113 + -124024. Is y prime?
True
Let m(b) = -2*b**2 - 72*b - 83. Let h be m(-31). Is (234/(-9))/(h/229 - 1) a prime number?
False
Is 20 + 234/(-18) + 138930 composite?
False
Is (156699 + -542)*1*(-1)/(-1) composite?
False
Suppose -101899 = -i + m, 3*m - 33060 = -i + 68855. Is i a composite number?
True
Suppose 2*b = 3*b - 4*v - 1, -3*b + 3 = v. Is (-116)/29*(b + 957/(-4)) composite?
False
Let t = -90 + 97. Suppose l + 4 = -t. Let y(g) = 16*g**2 - 11*g - 18. Is y(l) composite?
False
Let x = -35 - -41. Suppose 5*u = -4*n + x + 30, -3*u = -3*n. Suppose 4*g - 194 = 3*v - 1532, -5*g + 1784 = u*v. Is v prime?
False
Let j = -620286 + 1100291. Is j composite?
True
Let u(l) = -710*l + 1. Let k be u(-2). Let h(x) = -20 - 9 + k*x + 69*x. Is h(3) a prime number?
True
Let g = 1142 - 747. Is (-2)/(1 + (-405)/g) composite?
False
Let q be -1*1*(-12 + 50). Let u = q - -69. Suppose u*h + 691 = 32*h. Is h composite?
False
Let c(w) = w**2 - 262. Let j be c(0). Let l = -215 + j. Let d = l - -1628. Is d prime?
True
Let q(l) = -l**3 + 6*l**2 + 17*l - 4. Let p be q(8). Suppose -x + p = -2*x. Is x/10 - (-5742)/30 composite?
False
Is 238386/4*(60/(-15) + 14/3) a composite number?
True
Let g(m) = 10237*m**3 - 5*m**2 - 495*m + 995. Is g(2) composite?
True
Suppose 36*u - 32 = 148. Suppose t - 2*t - 7525 = -2*x, -2*t = -u*x + 18811. Is x a prime number?
True
Suppose 4*q + 13 + 23 = 0. Let z be 3 + (-13)/4 + q/(-4). Is z/(-5) - (-1596)/15 a prime number?
False
Let h be ((-67991)/(-28))/(-11)*-4. Suppose -h*b + 877*b + 5748 = 0. Is b a prime number?
False
Suppose 63*j - 190*j + 9385427 = 0. Is j a prime number?
False
Let d(v) = 4*v - 1 + 2 - v**3 + 4 + 0*v**3 - 2*v**2. Let j be d(-2). Is -11*(-21 + 1) - j prime?
True
Suppose 5*n - 37190 = 20*o - 21*o, -4*n = -3*o - 29752. Is n a prime number?
False
Let s(i) be the first derivative of 2*i**3/3 + 13*i**2/2 + i - 5. Let x(y) = y**2 + 7*y + 1. Let z(l) = 6*s(l) - 11*x(l). Is z(-6) prime?
False
Suppose 266*g = 271*g - 500405. Is g prime?
False
Let j = 11244 + 1819. Is j prime?
True
Let r be (-44)/7 + 14/49. Let c = -4 - r. Suppose -102 - 200 = -l - 5*m, 337 = l - c*m. Is l a composite number?
True
Is (3 + (-69685)/14)/((-8)/208) composite?
True
Let h = 2383 - -82888. Is h composite?
True
Let r(k) = 239*k**2 + 51*k - 471. Is r(11) composite?
False
Suppose -m = -x + 17, -57 = 3*m - 5*x - 0*x. Let s(d) = 2*d**3 + 29*d**2 - 22*d - 5. Is s(m) prime?
True
Let g(x) = 17*x**2 - 10*x + 88. Let n be g(-13). Let l = 7464 - n. Is l a prime number?
True
Suppose 3*a = 3, -h + 9578 = 2*h + 5*a. Let p = h + -1830. Is p a prime number?
True
Suppose 0 = -u - 2*o + 209889, -209901 = -u - 71*o + 66*o. Is u composite?
True
Let c(b) = -1457*b**2 - 11*b - 73. Let s(h) = -h**2 + 1. Let f(g) = -c(g) - 6*s(g). Is f(-4) composite?
False
Let a(j) = -2*j**2 + 2*j + 11. Let z be a(22). Let y = z - -2383. Suppose -y + 4835 = 5*p. Is p composite?
False
Let b(g) = -160*g**3 - 4*g**2 - 4*g - 1. Let q(a) = -a**2 - 19*a - 93. Let w be q(-8). Is b(w) a composite number?
False
Let c(b) = -b**2 - b + 16. Let z be c(-3). Suppose -z*m + 9*m = -2021. Is m a prime number?
False
Let s = 3706 - -114393. Is s prime?
False
Let z(r) = -r**3 - r**2 - 2*r + 222. Let h be z(0). Let m = 2022 + -1015. Let t = m - h. Is t composite?
True
Let r = -444 + -219. Let v = r - -2560. Is v a prime number?
False
Suppose 4*b - b = -3*t + 2187, 3*t = 4*b - 2916. Suppose 9 = -3*k, 0 = 4*d + 26*k - 25*k + 491. Let j = b - d. Is j a composite number?
True
Let p = 1265398 + -884705. Is p prime?
False
Let x(y) = -68*y + 0 + 2*y**3 + 14 + 70*y + 9*y**2. Let t be x(11). Is t/(-42)*1*-6 prime?
True
Let h be 79547 + (11/(-55) - 93/(-15)). Suppose -7*o = 12*o - h. Is o prime?
False
Let y be 63/189 - 1/3. Suppose y = -12*l + 33886 + 31478. Is l prime?
False
Let s(p) = -246*p + 5. Let g(n) = n + 1. Let c(u) = -4*g(u) - s(u). Let o(m) = -71*m + 429. Let j be o(6). Is c(j) a composite number?
True
Suppose 4*t = 4*z - 8, 3*t + 4 = -5*z - 10. Is (-3960 - (6 + -1) - 2)/z a composite number?
False
Let v be -2184 - (-4 + 1 + -4). Let f = 13684 + v. Is f a prime number?
False
Let k(p) = -50*p - 3. Let d = 107 - 116. Let j be k(d). Suppose 4*l - 445 = j. Is l a prime number?
True
Let g be (3 + -5 - 7536)*(-4)/1. Let c = g + 11538. Suppose -13*t = -3*t - c. Is t a composite number?
True
Suppose -4*b + 393244 = 4*y, 2*b - 5*y = -0*b + 196608. Is b a prime number?
False
Let r(q) = 1437*q**2 + 36*q + 1223. Is r(-20) composite?
False
Let q(z) = -z + 12 - 20 + 7 + 719*z**3 - 2*z**2 + 4. Let w be q(2). Suppose -a = -0*n - n + 1149, -5*n = 4*a - w. Is n a composite number?
True
Suppose 246 = -24*l + 30*l. Suppose 5*s = l - 1. Is s/12*(8457/6 - -2) a composite number?
False
Let r(d) = -d**3 - 5*d**2 + 8*d + 6. Let z be r(-6). Let m = -2092 - -2094. Is (-7 - z)/(m/(-1282)) prime?
True
Suppose 5*q + 595270 = -4*u + 9*u, u - 4*q - 119042 = 0. Suppose -316140 = -6*p + u. Is p prime?
True
Suppose 2*w = -2*n + 737424, -w = -4*n + 1502566 - 27743. Is n a composite number?
True
Let z = -39633 + 87586. Is z a composite number?
True
Let i(b) = 281513*b**2 - 99*b + 95. Is i(1) a composite number?
False
Suppose -44 = -10*o + 46. Is (-24)/8*(-68883)/o a prime number?
True
Let h = 86 - 73. Is 635635/169 + (3 - 41/h) a composite number?
False
Suppose 96 - 112 = -8*r. Suppose 5*l + 3*i - 16027 = 12575, -3*i = r*l - 11439. Is l a prime number?
False
Let w be -2 + (0 - 8)/(-4). Suppose 3*r + 263 - 836 = w. Is r composite?
False
Let p = -7454 - 71014. Is 15/35 - p/21 composite?
True
Let j(d) = -25907*d**3 - 61*d - 211. Is j(-3) prime?
False
Let b(g) = -g**2 - 8*g + 19. Let u be b(-10). Let v be 4 - ((-14)/(-42) - u/(-3)). Suppose -3*m + 2304 = -x, m - 3080 = -3*m + v*x. Is